actor of 472 and 8.
8
Calculate the highest common factor of 5480 and 80.
40
What is the highest common factor of 158 and 79?
79
Calculate the greatest common factor of 29 and 29.
29
Calculate the greatest common factor of 4204 and 6.
2
Calculate the highest common divisor of 16 and 3888.
16
What is the greatest common divisor of 11 and 29227?
11
What is the greatest common factor of 103 and 11639?
103
Calculate the greatest common divisor of 117 and 5421.
39
What is the greatest common factor of 14 and 21?
7
What is the highest common divisor of 96 and 3808?
32
Calculate the highest common divisor of 3846 and 18.
6
What is the highest common divisor of 1444 and 380?
76
Calculate the greatest common divisor of 43 and 19.
1
Calculate the greatest common factor of 35 and 35.
35
Calculate the greatest common divisor of 1850 and 74.
74
Calculate the highest common factor of 297 and 13959.
297
Calculate the greatest common divisor of 368 and 2352.
16
What is the highest common factor of 15 and 65?
5
What is the highest common divisor of 1863 and 69?
69
Calculate the greatest common divisor of 1 and 15.
1
Calculate the highest common divisor of 16 and 472.
8
Calculate the greatest common divisor of 45 and 165.
15
What is the highest common divisor of 121 and 3?
1
Calculate the highest common factor of 615 and 135.
15
Calculate the highest common factor of 187 and 34.
17
Calculate the greatest common divisor of 57838 and 478.
478
What is the highest common divisor of 330 and 60?
30
What is the highest common factor of 84 and 231?
21
What is the highest common divisor of 76 and 323?
19
What is the highest common factor of 1 and 8?
1
What is the greatest common divisor of 2432 and 209?
19
What is the greatest common divisor of 13 and 13?
13
Calculate the highest common divisor of 8 and 94.
2
Calculate the highest common divisor of 1703 and 262.
131
What is the highest common divisor of 57 and 3021?
57
What is the greatest common divisor of 90 and 330?
30
Calculate the highest common factor of 15 and 9.
3
What is the greatest common divisor of 92 and 23?
23
Calculate the greatest common divisor of 2852 and 868.
124
What is the highest common divisor of 440 and 264?
88
What is the highest common factor of 204 and 24?
12
Calculate the highest common factor of 19487 and 39.
13
What is the greatest common factor of 2 and 50?
2
What is the highest common factor of 30 and 330?
30
What is the greatest common divisor of 208 and 1616?
16
What is the highest common factor of 191 and 10887?
191
What is the highest common divisor of 648 and 19224?
216
What is the greatest common factor of 11 and 99?
11
What is the highest common factor of 2550 and 300?
150
Calculate the greatest common divisor of 10 and 370.
10
Calculate the highest common divisor of 533 and 13.
13
Calculate the highest common divisor of 132 and 836.
44
Calculate the greatest common factor of 11433 and 111.
111
What is the highest common factor of 297 and 11?
11
What is the greatest common factor of 160 and 2656?
32
Calculate the highest common divisor of 396 and 153.
9
What is the highest common factor of 38 and 152?
38
What is the greatest common divisor of 890 and 1958?
178
What is the greatest common factor of 10650 and 15?
15
Calculate the highest common divisor of 418 and 95.
19
What is the highest common divisor of 16 and 8656?
16
What is the highest common factor of 9682 and 94?
94
What is the greatest common divisor of 408 and 96?
24
What is the greatest common factor of 187 and 221?
17
Calculate the highest common divisor of 175 and 70.
35
What is the highest common divisor of 205 and 41?
41
What is the highest common factor of 136 and 2?
2
Calculate the highest common divisor of 120 and 664.
8
Calculate the greatest common divisor of 2061 and 18.
9
Calculate the highest common divisor of 15021 and 9.
9
Calculate the highest common factor of 9 and 6984.
9
Calculate the highest common factor of 56 and 1000.
8
Calculate the highest common divisor of 12 and 10596.
12
Calculate the highest common divisor of 806 and 546.
26
Calculate the highest common divisor of 16 and 496.
16
What is the highest common divisor of 4277 and 14?
7
What is the greatest common factor of 33 and 143?
11
Calculate the greatest common factor of 1125 and 9.
9
Calculate the highest common factor of 489 and 48.
3
Calculate the greatest common divisor of 1365 and 520.
65
Calculate the greatest common divisor of 44 and 14.
2
Calculate the greatest common divisor of 4063 and 17.
17
Calculate the greatest common factor of 403 and 93.
31
What is the highest common factor of 3 and 21?
3
Calculate the highest common factor of 36 and 24636.
12
Calculate the highest common factor of 25 and 1600.
25
Calculate the greatest common factor of 68 and 4.
4
What is the greatest common factor of 6726 and 38?
38
What is the greatest common factor of 30 and 3600?
30
Calculate the greatest common factor of 1170 and 9594.
234
Calculate the greatest common factor of 45 and 4464.
9
What is the greatest common divisor of 41 and 943?
41
What is the highest common factor of 115 and 80?
5
Calculate the greatest common divisor of 302 and 2.
2
What is the greatest common factor of 1029 and 168?
21
Calculate the greatest common factor of 67 and 134.
67
Calculate the greatest common factor of 61 and 976.
61
Calculate the greatest common divisor of 2916 and 12.
12
Calculate the greatest common factor of 46 and 184.
46
What is the highest common divisor of 54 and 42?
6
What is the greatest common factor of 1507 and 11?
11
Calculate the highest common factor of 26 and 2184.
26
Calculate the highest common factor of 2573 and 1147.
31
What is the highest common factor of 13 and 52?
13
What is the highest common factor of 34 and 20281?
17
What is the highest common factor of 83 and 7?
1
Calculate the greatest common divisor of 3162 and 102.
102
Calculate the highest common divisor of 133 and 595.
7
Calculate the greatest common divisor of 23 and 23.
23
What is the greatest common divisor of 43264 and 338?
338
Calculate the highest common factor of 19 and 589.
19
Calculate the highest common factor of 72 and 8838.
18
What is the greatest common factor of 436 and 3161?
109
What is the highest common factor of 270 and 315?
45
Calculate the greatest common divisor of 6342 and 126.
42
What is the highest common divisor of 90 and 10?
10
Calculate the highest common divisor of 344 and 24.
8
Calculate the greatest common factor of 99 and 52008.
33
Calculate the highest common factor of 184 and 1196.
92
What is the highest common divisor of 4 and 36?
4
What is the highest common factor of 300 and 60?
60
What is the highest common factor of 2033 and 57?
19
What is the highest common divisor of 5497 and 23?
23
Calculate the greatest common factor of 6192 and 432.
144
What is the greatest common factor of 150 and 230?
10
What is the greatest common divisor of 441 and 36?
9
Calculate the highest common factor of 17 and 2771.
17
What is the highest common factor of 4400 and 128?
16
What is the greatest common divisor of 15 and 40?
5
What is the highest common factor of 902 and 22?
22
Calculate the highest common factor of 1242 and 23.
23
Calculate the greatest common divisor of 41 and 2009.
41
What is the highest common divisor of 270 and 40?
10
Calculate the highest common factor of 275 and 605.
55
What is the greatest common divisor of 666 and 252?
18
What is the highest common factor of 40 and 730?
10
Calculate the highest common divisor of 8036 and 123.
41
What is the highest common divisor of 344 and 32?
8
Calculate the highest common factor of 183 and 27.
3
Calculate the greatest common factor of 11 and 77.
11
Calculate the highest common factor of 32 and 88.
8
Calculate the greatest common divisor of 2 and 214.
2
What is the highest common divisor of 2 and 389?
1
What is the greatest common factor of 264 and 44?
44
What is the greatest common factor of 91 and 26?
13
Calculate the greatest common divisor of 1649 and 1921.
17
What is the highest common factor of 90 and 830?
10
Calculate the highest common factor of 245 and 98.
49
What is the highest common divisor of 680 and 68?
68
What is the greatest common divisor of 16536 and 312?
312
Calculate the highest 